 composite?
True
Suppose 2*q = -2*v + 8086, 20215 = -11*q + 16*q + 2*v. Is q a prime number?
False
Is (3 - 2)*(1 - 4) + 18898 a prime number?
False
Let u(d) = d**3 + 9*d**2 - 12*d - 4. Let v be u(-11). Let r = 337 + v. Is r prime?
True
Let a = -93 + 29. Let k = a - -4113. Is k composite?
False
Let z = 414 + -21. Is z a prime number?
False
Let k = 9667 - 3198. Is k a prime number?
True
Let m(u) = 2*u**2 + 19*u - 182. Is m(21) a prime number?
False
Let l(h) = h**3 - 21*h**2 + 37*h + 56. Is l(27) a prime number?
False
Suppose -31*m + 276776 = -374379. Is m a composite number?
True
Suppose -5*j + p + 2768 = 0, -3*j + 2*p + 1665 = -0*p. Suppose -j = v + 4*w, -3*v - 1090 = -v + 4*w. Let x = v - -908. Is x prime?
False
Let l = 1716 - 1113. Suppose 2*p + 131 = 2*s - 347, 0 = -s - 2*p + 245. Suppose l + s = 4*n. Is n prime?
True
Let w(g) = 2*g**2 + 5*g + 16. Suppose -5*t + 8 = -a + 5*a, 3*t + 33 = 3*a. Is w(a) a composite number?
False
Suppose -d + 440 = 5*y, 2*d - 894 = y + 3*y. Suppose -j = -5*q - 230, -2*j + 0*j + d = -5*q. Is j a composite number?
True
Let f(x) = -x**3 - 9*x**2 + 9*x - 14. Let u be f(-10). Is (1 - -9)*((-26)/u + 3) composite?
True
Let l = -345 - -614. Let y = l - 112. Is y prime?
True
Let t = 1976 - 3082. Let k = t + 1819. Is k composite?
True
Let w = -12 + 1413. Is w a prime number?
False
Let l = 1289 + -954. Is l a prime number?
False
Let s(a) = -5*a**3 - a**2 - 7*a - 4. Let j(o) = -o**3 + 2*o**2 + 1. Let r(y) = 4*j(y) - s(y). Suppose 3*h = -6 - 15. Is r(h) prime?
False
Suppose 2*l = 8*l - 24. Suppose -l*v + 906 = -2642. Is v a composite number?
False
Let q = 4060 - -14209. Is q composite?
False
Let l(r) = r**3 + 9*r**2 + 3*r + 5. Let k(z) = z**3 + 3*z**2 - z + 3. Let o be k(-4). Let n be l(o). Let x = 45 + n. Is x a composite number?
False
Let k(l) = 0*l**2 + 1 + 2*l**2 - l + l**2. Let w be k(1). Suppose 217 = -w*h + 634. Is h composite?
False
Let w(f) = -f**2 + 9. Let q be w(3). Suppose 0 = 3*v + 3*o + 825, 0 = -q*v + v - o + 285. Let h = v - -414. Is h composite?
True
Let g(s) be the third derivative of -2*s**2 + 0 + 1/3*s**3 + 13/24*s**4 + 0*s. Is g(5) a composite number?
False
Let d = -66 + 1525. Is d prime?
True
Let s = -13642 - -21800. Is s a composite number?
True
Let d(k) = -2*k**3 - 7*k**2 - 5*k + 16. Let j be d(-12). Suppose j = -18*l + 22*l. Suppose -l = -4*z + 3*z. Is z prime?
True
Let w = 23 + -25. Let b be -9 + (12/w)/(-3). Let p(m) = m**3 + 11*m**2 + m + 2. Is p(b) a composite number?
False
Suppose -1465 = 3*q - 8*q. Let d be 154/(48/(-60) + 1/(-5)). Let x = q + d. Is x a composite number?
False
Suppose -5*r = -0*r + 4*d + 40, 0 = -3*d + 15. Let t be r/(3 - (-30)/(-8)). Suppose 0 = -5*l + t + 4, 5*l + 535 = 3*b. Is b composite?
True
Let t(o) = -o**3 - 14*o**2 + 12*o + 17. Is t(-16) composite?
False
Let o = -25 - -25. Suppose o = j - 1, -4*h + 5*j + 6340 = -3787. Is h a prime number?
False
Is 7937041/323 - 4/(-34) a composite number?
True
Let h be -1478 - ((-6)/2)/(-3). Is -4*7/56 - h/2 a prime number?
True
Let m(q) = 40*q**2 + 13*q + 16. Let k be m(-15). Suppose 2*g = b + k, -4*b + 5233 = g + 818. Is g prime?
False
Suppose -54 = 3*r - 0*r. Is (-4)/r + 2761/9 a prime number?
True
Let s = -157 - -54. Let w = s - -158. Is w composite?
True
Suppose 8385 = 21*t - 222678. Is t prime?
True
Suppose 2*z + 57 = k, 2*k = -0*k - 2*z + 90. Suppose -w = -153 - k. Is w composite?
True
Let d = -49628 - -122019. Is d a composite number?
True
Let r = 284 + -103. Let j(g) = -124*g - 10. Let t be j(-1). Let c = r - t. Is c a prime number?
True
Let y(v) = -6*v**3 + 3*v**2 - 28*v + 53. Is y(-12) a composite number?
True
Let z(w) = w**2 + 2*w + 3. Suppose -10 + 2 = 4*s. Let o be z(s). Suppose 5*b - 5 = 0, o*m + 15 - 248 = 4*b. Is m prime?
True
Let u(f) = 26*f**2 - 48*f - 15. Is u(14) prime?
True
Let d(u) = 3*u**2 - 3*u - 3. Let z be d(2). Suppose -7*f + 3*f + 5*p + 5102 = 0, -3*p = z*f - 3813. Is f composite?
True
Let i(b) = 4*b**3 + 6*b**2 - 3*b + 5. Let q be i(6). Suppose -2*s + 5*l + q = 0, -s + 192 = -2*l - 343. Is s a prime number?
True
Suppose 0 = -6*r - 8447 + 23069. Suppose 5*w - 8958 = r. Is w prime?
False
Let r = 125 + -12. Suppose -r + 818 = 5*h. Is h a composite number?
True
Let g be (-1 - (-1)/1)/4. Suppose g = 2*q - q - 19. Is q/(51/(-13) + 4) a prime number?
False
Let c be (-2)/(-6)*192/(-8). Let a(p) = -25*p**2 + 23*p - 3. Let l(d) = -12*d**2 + 11*d - 1. Let o(i) = 6*a(i) - 13*l(i). Is o(c) a prime number?
True
Suppose -3*h + 4*h + 1 = -2*j, 22 = 5*h + j. Suppose -x + k + 408 = 0, -3*x + 2*k - h*k = -1200. Suppose -4*v + 5*p + 1651 = 0, -v + x = -p - 2*p. Is v prime?
True
Suppose -b + 5*b - 8 = 0. Let q be (2 - -6*(-2)/4) + 6. Suppose b*t - q*t = -57. Is t a composite number?
False
Let z(l) = -3 + l - l**2 - 6*l**2 + 8*l**2 + 6. Let k be z(-2). Suppose -3*b + 209 = k*n, -2*n + 5*b - 76 = -4*n. Is n a composite number?
False
Let x(a) = -21*a**2 + 18*a - 17. Let p be x(-13). Let h = -2265 - p. Is h a prime number?
False
Let f(c) = 87*c**2 + 4*c - 4. Let q(u) = -u**2 + 7*u - 3. Let n be q(6). Is f(n) prime?
False
Suppose -4*t - 3*z - 1 = 0, 0*t = -2*t + 2*z - 4. Is (-4 - 90 - -5)/t a composite number?
False
Let z(g) = 6*g**3 - 5*g + 9. Suppose 4 = 8*i - 28. Is z(i) a composite number?
False
Suppose 6*j - 2351 = 23275. Is j composite?
False
Let z(q) = -30*q**3 - 2*q**2 + 22*q + 65. Is z(-3) prime?
False
Suppose -3*w + 6*w - 2445 = 0. Let f = -366 + w. Is f prime?
True
Let z be -1 + -15*232/12. Let q = z + 542. Is q composite?
False
Let i(u) = 2*u + 23. Let n be i(-12). Let w be (-4)/(441/447 + n). Suppose z = 3*z - w. Is z a prime number?
True
Suppose 6*o + 2*o - 16 = 0. Is (865 - -1) + -3 + o prime?
False
Let x be 5*(4/20)/1. Let f be -288 - (x + 1 + 1). Let u = f + 538. Is u a prime number?
False
Let l = 74 - 74. Suppose 6*v - 7*v + 4 = l, 2*v = -g + 1131. Is g prime?
True
Let b(d) = 164*d - 121. Is b(16) a composite number?
False
Let q(y) = -y**3 + 6*y**2 + 6*y + 7. Let i be q(7). Suppose i = -v - v. Is 1 + -2 + 372 + v a prime number?
False
Suppose -6 = i - 1, 0 = 4*q - 2*i - 18. Suppose 794 = q*a - 472. Is a composite?
True
Let h(b) = 2*b**2 - 6*b - 30. Let n be h(-3). Suppose -n*o + 27275 + 13771 = 0. Is o prime?
True
Let o = 11746 - -3675. Is o a composite number?
True
Is (6/4)/(-9*12/(-2498616)) a composite number?
False
Let t(j) = -117*j + 6. Let z(r) = -r**3 - 8*r**2 - 11*r + 1. Let k be z(-6). Is t(k) a composite number?
True
Let r(b) = 1874*b**2 - 2*b + 2. Let f = 52 + -51. Is r(f) a prime number?
False
Let b(a) = -197*a - 213. Is b(-10) composite?
True
Let s be 4 - (-1)/(1/(-4)). Suppose -4*r + 16 + 436 = s. Is r a composite number?
False
Let h(i) = -i**3 + 8*i**2 - 3*i - 7. Let l be h(10). Is 1/(-12)*l*8 prime?
False
Let q = -290 + 642. Let x = q - -19. Is x prime?
False
Suppose 0 = k + 15 - 6. Let c = k - -27. Is (-6)/c*-57*1 prime?
True
Let d(q) = -q**2 + 14*q + 9. Let x be (-4 + -6)/(1/(-4)). Suppose 5*a - 10 - x = 0. Is d(a) a composite number?
True
Suppose -2*b = -8, 5*b + 6666 = -c - 10314. Is 4 + (-75)/21 - c/7 a composite number?
True
Let t(l) be the third derivative of -l**6/120 - l**5/12 + 3*l**4/8 + 2*l**3/3 - 5*l**2. Let p be t(-9). Suppose -p = -0*d - d. Is d composite?
True
Suppose 2*a + 26*k - 241990 = 30*k, 4*a + 4*k - 483992 = 0. Is a a prime number?
True
Suppose 4*p = -3*p - 5*p. Suppose 2*w - 5*i = 1134, p*w - 2254 = -4*w + 3*i. Is w composite?
True
Let c(l) be the second derivative of l**4/3 + 3*l**3 + 53*l**2/2 + 6*l. Is c(-16) a composite number?
True
Suppose 3*c - 268 = c. Suppose c = -4*w + 822. Let o = w + -93. Is o composite?
False
Let f be (1 - 6/4)*-46. Let d(c) = 18*c + 69*c - 21 + f. Is d(3) a prime number?
True
Let z(b) = -2*b**3 + 3*b**2 + 2*b + 1. Let f be z(-2). Suppose -2*l = -41 - f. Is l prime?
False
Suppose -5*n - 53 = -4*n. Let q = n + 306. Is q composite?
True
Let w be (3 - (5 + -2))*1. Let a(l) = 3*l**2 + l + 199. Is a(w) composite?
False
Let n = -50 - -10. Let i = n + 225. Is i prime?
False
Let l(w) = 35*w - 11. Let f(n) = 105*n - 33. Let i(k) = 2*f(k) - 7*l(k). Suppose 4*x + 8 = 3*x. Is i(x) composite?
True
Suppose 2*a = a - 2370. Let q = -1079 - a. Is q a composite number?
False
Is (-7)/(-2)*(0 + 5482) composite?
True
Let i(c) = c - 1. Let l be i(5). Let a(b) = 4